{"id":3006,"date":"2018-03-20T14:43:48","date_gmt":"2018-03-20T13:43:48","guid":{"rendered":"http:\/\/bendikfilms.com\/?post_type=tribe_events&#038;p=3006"},"modified":"2018-03-20T15:54:25","modified_gmt":"2018-03-20T14:54:25","slug":"film-kroky-na-hrane-s-besedou-zabudnute-slovensko-skalica","status":"publish","type":"tribe_events","link":"https:\/\/bendikfilms.com\/index.php\/event\/film-kroky-na-hrane-s-besedou-zabudnute-slovensko-skalica\/","title":{"rendered":"Film Kroky na hrane s besedou | Zabudnut\u00e9 Slovensko, Skalica"},"content":{"rendered":"<p>Premietanie filmu a diskusia vr\u00e1mci roadshow <a href=\"http:\/\/www.zabudnuteslovensko.sk\/sk\/\" target=\"_blank\" rel=\"noopener\">Zabudnut\u00e9 Slovensko<\/a> pre \u0161tudentov gymn\u00e1zia a strednej zdravotnej \u0161koly v Skalici.<\/p>\n<p>Po filme prebehne diskusia o podob\u00e1ch a hrozb\u00e1ch extr\u00e9mizmu, na ktorej sme sa z\u00fa\u010dastnia be\u017eci Martin Sek\u00e9r a Peter Brestovansk\u00fd, re\u017eis\u00e9r Viliam Bend\u00edk spolu s Marekom Machom (<a href=\"https:\/\/www.facebook.com\/mladiprotifasizmu\/\" data-hovercard=\"\/ajax\/hovercard\/page.php?id=571160823088196&amp;extragetparams=%7B%22directed_target_id%22%3Anull%2C%22groups_location%22%3Anull%7D\" data-hovercard-prefer-more-content-show=\"1\">Mlad\u00ed proti fa\u0161izmu<\/a>), pani Evou Mosn\u00e1kovou, k\u0148azom z Rusoviec J\u00faliusom Prach\u00e1rom a historikom Patrikom Dubovsk\u00fdm.<\/p>\n","protected":false},"excerpt":{"rendered":"<p>Premietanie filmu a diskusia vr\u00e1mci roadshow Zabudnut\u00e9 Slovensko pre \u0161tudentov gymn\u00e1zia a strednej zdravotnej \u0161koly v Skalici. Po filme prebehne diskusia o podob\u00e1ch a hrozb\u00e1ch extr\u00e9mizmu, na ktorej sme sa z\u00fa\u010dastnia be\u017eci Martin Sek\u00e9r a Peter Brestovansk\u00fd, re\u017eis\u00e9r Viliam Bend\u00edk spolu s Marekom Machom (Mlad\u00ed proti fa\u0161izmu), pani Evou Mosn\u00e1kovou, k\u0148azom z Rusoviec J\u00faliusom Prach\u00e1rom [&hellip;]<\/p>\n","protected":false},"author":2,"featured_media":3018,"comment_status":"open","ping_status":"closed","template":"","meta":{"_monsterinsights_skip_tracking":false,"_monsterinsights_sitenote_active":false,"_monsterinsights_sitenote_note":"","_monsterinsights_sitenote_category":0},"tags":[40,41],"tribe_events_cat":[39],"yoast_head":"<!-- This site is optimized with the Yoast SEO plugin v18.4.1 - https:\/\/yoast.com\/wordpress\/plugins\/seo\/ -->\n<title>Film Kroky na hrane s besedou | Zabudnut\u00e9 Slovensko, Skalica - BENDIK FILMS<\/title>\n<meta name=\"robots\" content=\"index, follow, max-snippet:-1, max-image-preview:large, max-video-preview:-1\" \/>\n<link rel=\"canonical\" href=\"https:\/\/bendikfilms.com\/index.php\/event\/film-kroky-na-hrane-s-besedou-zabudnute-slovensko-skalica\/\" \/>\n<meta property=\"og:locale\" content=\"en_US\" \/>\n<meta property=\"og:type\" content=\"article\" \/>\n<meta property=\"og:title\" content=\"Film Kroky na hrane s besedou | Zabudnut\u00e9 Slovensko, Skalica - BENDIK FILMS\" \/>\n<meta property=\"og:description\" content=\"Premietanie filmu a diskusia vr\u00e1mci roadshow Zabudnut\u00e9 Slovensko pre \u0161tudentov gymn\u00e1zia a strednej zdravotnej \u0161koly v Skalici. Po filme prebehne diskusia o podob\u00e1ch a hrozb\u00e1ch extr\u00e9mizmu, na ktorej sme sa z\u00fa\u010dastnia be\u017eci Martin Sek\u00e9r a Peter Brestovansk\u00fd, re\u017eis\u00e9r Viliam Bend\u00edk spolu s Marekom Machom (Mlad\u00ed proti fa\u0161izmu), pani Evou Mosn\u00e1kovou, k\u0148azom z Rusoviec J\u00faliusom Prach\u00e1rom [&hellip;]\" \/>\n<meta property=\"og:url\" content=\"https:\/\/bendikfilms.com\/index.php\/event\/film-kroky-na-hrane-s-besedou-zabudnute-slovensko-skalica\/\" \/>\n<meta property=\"og:site_name\" content=\"BENDIK FILMS\" \/>\n<meta property=\"article:modified_time\" content=\"2018-03-20T14:54:25+00:00\" \/>\n<meta property=\"og:image\" content=\"https:\/\/bendikfilms.com\/wp-content\/uploads\/2018\/03\/zabudnute-slovensko-skalica.jpg\" \/>\n\t<meta property=\"og:image:width\" content=\"1028\" \/>\n\t<meta property=\"og:image:height\" content=\"578\" \/>\n\t<meta property=\"og:image:type\" content=\"image\/jpeg\" \/>\n<meta name=\"twitter:card\" content=\"summary_large_image\" \/>\n<script type=\"application\/ld+json\" class=\"yoast-schema-graph\">{\"@context\":\"https:\/\/schema.org\",\"@graph\":[{\"@type\":\"WebSite\",\"@id\":\"https:\/\/bendikfilms.com\/#website\",\"url\":\"https:\/\/bendikfilms.com\/\",\"name\":\"BENDIK FILMS\",\"description\":\"I capture real stories of people who venture to the very edge of their limits.\",\"potentialAction\":[{\"@type\":\"SearchAction\",\"target\":{\"@type\":\"EntryPoint\",\"urlTemplate\":\"https:\/\/bendikfilms.com\/?s={search_term_string}\"},\"query-input\":\"required name=search_term_string\"}],\"inLanguage\":\"en-US\"},{\"@type\":\"ImageObject\",\"@id\":\"https:\/\/bendikfilms.com\/index.php\/event\/film-kroky-na-hrane-s-besedou-zabudnute-slovensko-skalica\/#primaryimage\",\"inLanguage\":\"en-US\",\"url\":\"https:\/\/bendikfilms.com\/wp-content\/uploads\/2018\/03\/zabudnute-slovensko-skalica.jpg\",\"contentUrl\":\"https:\/\/bendikfilms.com\/wp-content\/uploads\/2018\/03\/zabudnute-slovensko-skalica.jpg\",\"width\":1028,\"height\":578,\"caption\":\"zabudnute slovensko skalica\"},{\"@type\":\"WebPage\",\"@id\":\"https:\/\/bendikfilms.com\/index.php\/event\/film-kroky-na-hrane-s-besedou-zabudnute-slovensko-skalica\/#webpage\",\"url\":\"https:\/\/bendikfilms.com\/index.php\/event\/film-kroky-na-hrane-s-besedou-zabudnute-slovensko-skalica\/\",\"name\":\"Film Kroky na hrane s besedou | Zabudnut\u00e9 Slovensko, Skalica - BENDIK FILMS\",\"isPartOf\":{\"@id\":\"https:\/\/bendikfilms.com\/#website\"},\"primaryImageOfPage\":{\"@id\":\"https:\/\/bendikfilms.com\/index.php\/event\/film-kroky-na-hrane-s-besedou-zabudnute-slovensko-skalica\/#primaryimage\"},\"datePublished\":\"2018-03-20T13:43:48+00:00\",\"dateModified\":\"2018-03-20T14:54:25+00:00\",\"breadcrumb\":{\"@id\":\"https:\/\/bendikfilms.com\/index.php\/event\/film-kroky-na-hrane-s-besedou-zabudnute-slovensko-skalica\/#breadcrumb\"},\"inLanguage\":\"en-US\",\"potentialAction\":[{\"@type\":\"ReadAction\",\"target\":[\"https:\/\/bendikfilms.com\/index.php\/event\/film-kroky-na-hrane-s-besedou-zabudnute-slovensko-skalica\/\"]}]},{\"@type\":\"BreadcrumbList\",\"@id\":\"https:\/\/bendikfilms.com\/index.php\/event\/film-kroky-na-hrane-s-besedou-zabudnute-slovensko-skalica\/#breadcrumb\",\"itemListElement\":[{\"@type\":\"ListItem\",\"position\":1,\"name\":\"Home\",\"item\":\"https:\/\/bendikfilms.com\/\"},{\"@type\":\"ListItem\",\"position\":2,\"name\":\"Events\",\"item\":\"https:\/\/bendikfilms.com\/index.php\/events\/\"},{\"@type\":\"ListItem\",\"position\":3,\"name\":\"Film Kroky na hrane s besedou | Zabudnut\u00e9 Slovensko, Skalica\"}]}]}<\/script>\n<!-- \/ Yoast SEO plugin. -->","yoast_head_json":{"title":"Film Kroky na hrane s besedou | Zabudnut\u00e9 Slovensko, Skalica - BENDIK FILMS","robots":{"index":"index","follow":"follow","max-snippet":"max-snippet:-1","max-image-preview":"max-image-preview:large","max-video-preview":"max-video-preview:-1"},"canonical":"https:\/\/bendikfilms.com\/index.php\/event\/film-kroky-na-hrane-s-besedou-zabudnute-slovensko-skalica\/","og_locale":"en_US","og_type":"article","og_title":"Film Kroky na hrane s besedou | Zabudnut\u00e9 Slovensko, Skalica - BENDIK FILMS","og_description":"Premietanie filmu a diskusia vr\u00e1mci roadshow Zabudnut\u00e9 Slovensko pre \u0161tudentov gymn\u00e1zia a strednej zdravotnej \u0161koly v Skalici. Po filme prebehne diskusia o podob\u00e1ch a hrozb\u00e1ch extr\u00e9mizmu, na ktorej sme sa z\u00fa\u010dastnia be\u017eci Martin Sek\u00e9r a Peter Brestovansk\u00fd, re\u017eis\u00e9r Viliam Bend\u00edk spolu s Marekom Machom (Mlad\u00ed proti fa\u0161izmu), pani Evou Mosn\u00e1kovou, k\u0148azom z Rusoviec J\u00faliusom Prach\u00e1rom [&hellip;]","og_url":"https:\/\/bendikfilms.com\/index.php\/event\/film-kroky-na-hrane-s-besedou-zabudnute-slovensko-skalica\/","og_site_name":"BENDIK FILMS","article_modified_time":"2018-03-20T14:54:25+00:00","og_image":[{"width":1028,"height":578,"url":"https:\/\/bendikfilms.com\/wp-content\/uploads\/2018\/03\/zabudnute-slovensko-skalica.jpg","type":"image\/jpeg"}],"twitter_card":"summary_large_image","schema":{"@context":"https:\/\/schema.org","@graph":[{"@type":"WebSite","@id":"https:\/\/bendikfilms.com\/#website","url":"https:\/\/bendikfilms.com\/","name":"BENDIK FILMS","description":"I capture real stories of people who venture to the very edge of their limits.","potentialAction":[{"@type":"SearchAction","target":{"@type":"EntryPoint","urlTemplate":"https:\/\/bendikfilms.com\/?s={search_term_string}"},"query-input":"required name=search_term_string"}],"inLanguage":"en-US"},{"@type":"ImageObject","@id":"https:\/\/bendikfilms.com\/index.php\/event\/film-kroky-na-hrane-s-besedou-zabudnute-slovensko-skalica\/#primaryimage","inLanguage":"en-US","url":"https:\/\/bendikfilms.com\/wp-content\/uploads\/2018\/03\/zabudnute-slovensko-skalica.jpg","contentUrl":"https:\/\/bendikfilms.com\/wp-content\/uploads\/2018\/03\/zabudnute-slovensko-skalica.jpg","width":1028,"height":578,"caption":"zabudnute slovensko skalica"},{"@type":"WebPage","@id":"https:\/\/bendikfilms.com\/index.php\/event\/film-kroky-na-hrane-s-besedou-zabudnute-slovensko-skalica\/#webpage","url":"https:\/\/bendikfilms.com\/index.php\/event\/film-kroky-na-hrane-s-besedou-zabudnute-slovensko-skalica\/","name":"Film Kroky na hrane s besedou | Zabudnut\u00e9 Slovensko, Skalica - BENDIK FILMS","isPartOf":{"@id":"https:\/\/bendikfilms.com\/#website"},"primaryImageOfPage":{"@id":"https:\/\/bendikfilms.com\/index.php\/event\/film-kroky-na-hrane-s-besedou-zabudnute-slovensko-skalica\/#primaryimage"},"datePublished":"2018-03-20T13:43:48+00:00","dateModified":"2018-03-20T14:54:25+00:00","breadcrumb":{"@id":"https:\/\/bendikfilms.com\/index.php\/event\/film-kroky-na-hrane-s-besedou-zabudnute-slovensko-skalica\/#breadcrumb"},"inLanguage":"en-US","potentialAction":[{"@type":"ReadAction","target":["https:\/\/bendikfilms.com\/index.php\/event\/film-kroky-na-hrane-s-besedou-zabudnute-slovensko-skalica\/"]}]},{"@type":"BreadcrumbList","@id":"https:\/\/bendikfilms.com\/index.php\/event\/film-kroky-na-hrane-s-besedou-zabudnute-slovensko-skalica\/#breadcrumb","itemListElement":[{"@type":"ListItem","position":1,"name":"Home","item":"https:\/\/bendikfilms.com\/"},{"@type":"ListItem","position":2,"name":"Events","item":"https:\/\/bendikfilms.com\/index.php\/events\/"},{"@type":"ListItem","position":3,"name":"Film Kroky na hrane s besedou | Zabudnut\u00e9 Slovensko, Skalica"}]}]}},"_links":{"self":[{"href":"https:\/\/bendikfilms.com\/index.php\/wp-json\/wp\/v2\/tribe_events\/3006"}],"collection":[{"href":"https:\/\/bendikfilms.com\/index.php\/wp-json\/wp\/v2\/tribe_events"}],"about":[{"href":"https:\/\/bendikfilms.com\/index.php\/wp-json\/wp\/v2\/types\/tribe_events"}],"author":[{"embeddable":true,"href":"https:\/\/bendikfilms.com\/index.php\/wp-json\/wp\/v2\/users\/2"}],"replies":[{"embeddable":true,"href":"https:\/\/bendikfilms.com\/index.php\/wp-json\/wp\/v2\/comments?post=3006"}],"version-history":[{"count":2,"href":"https:\/\/bendikfilms.com\/index.php\/wp-json\/wp\/v2\/tribe_events\/3006\/revisions"}],"predecessor-version":[{"id":3019,"href":"https:\/\/bendikfilms.com\/index.php\/wp-json\/wp\/v2\/tribe_events\/3006\/revisions\/3019"}],"wp:featuredmedia":[{"embeddable":true,"href":"https:\/\/bendikfilms.com\/index.php\/wp-json\/wp\/v2\/media\/3018"}],"wp:attachment":[{"href":"https:\/\/bendikfilms.com\/index.php\/wp-json\/wp\/v2\/media?parent=3006"}],"wp:term":[{"taxonomy":"post_tag","embeddable":true,"href":"https:\/\/bendikfilms.com\/index.php\/wp-json\/wp\/v2\/tags?post=3006"},{"taxonomy":"tribe_events_cat","embeddable":true,"href":"https:\/\/bendikfilms.com\/index.php\/wp-json\/wp\/v2\/tribe_events_cat?post=3006"}],"curies":[{"name":"wp","href":"https:\/\/api.w.org\/{rel}","templated":true}]}}

Film Kroky na hrane s besedou | Zabudnuté Slovensko, Skalica

<p>Premietanie filmu a diskusia vrámci roadshow <a href="http://www.zabudnuteslovensko.sk/sk/" target="_blank" rel="noopener">Zabudnuté Slovensko</a> pre študentov gymnázia a strednej zdravotnej školy v Skalici.</p>
<p>Po filme prebehne diskusia o podobách a hrozbách extrémizmu, na ktorej sme sa zúčastnia bežci Martin Sekér a Peter Brestovanský, režisér Viliam Bendík spolu s Marekom Machom (<a href="https://www.facebook.com/mladiprotifasizmu/" data-hovercard="/ajax/hovercard/page.php?id=571160823088196&amp;extragetparams=%7B%22directed_target_id%22%3Anull%2C%22groups_location%22%3Anull%7D" data-hovercard-prefer-more-content-show="1">Mladí proti fašizmu</a>), pani Evou Mosnákovou, kňazom z Rusoviec Júliusom Prachárom a historikom Patrikom Dubovským.</p>

<p>Premietanie filmu a diskusia vrámci roadshow Zabudnuté Slovensko pre študentov gymnázia a strednej zdravotnej školy v Skalici. Po filme prebehne diskusia o podobách a hrozbách extrémizmu, na ktorej sme sa zúčastnia bežci Martin Sekér a Peter Brestovanský, režisér Viliam Bendík spolu s Marekom Machom (Mladí proti fašizmu), pani Evou Mosnákovou, kňazom z Rusoviec Júliusom Prachárom [&hellip;]</p>

<!-- This site is optimized with the Yoast SEO plugin v18.4.1 - https://yoast.com/wordpress/plugins/seo/ -->
<title>Film Kroky na hrane s besedou | Zabudnuté Slovensko, Skalica - BENDIK FILMS</title>
<meta name="robots" content="index, follow, max-snippet:-1, max-image-preview:large, max-video-preview:-1" />
<link rel="canonical" href="https://bendikfilms.com/index.php/event/film-kroky-na-hrane-s-besedou-zabudnute-slovensko-skalica/" />
<meta property="og:locale" content="en_US" />
<meta property="og:type" content="article" />
<meta property="og:title" content="Film Kroky na hrane s besedou | Zabudnuté Slovensko, Skalica - BENDIK FILMS" />
<meta property="og:description" content="Premietanie filmu a diskusia vrámci roadshow Zabudnuté Slovensko pre študentov gymnázia a strednej zdravotnej školy v Skalici. Po filme prebehne diskusia o podobách a hrozbách extrémizmu, na ktorej sme sa zúčastnia bežci Martin Sekér a Peter Brestovanský, režisér Viliam Bendík spolu s Marekom Machom (Mladí proti fašizmu), pani Evou Mosnákovou, kňazom z Rusoviec Júliusom Prachárom [&hellip;]" />
<meta property="og:url" content="https://bendikfilms.com/index.php/event/film-kroky-na-hrane-s-besedou-zabudnute-slovensko-skalica/" />
<meta property="og:site_name" content="BENDIK FILMS" />
<meta property="article:modified_time" content="2018-03-20T14:54:25+00:00" />
<meta property="og:image" content="https://bendikfilms.com/wp-content/uploads/2018/03/zabudnute-slovensko-skalica.jpg" />
	<meta property="og:image:width" content="1028" />
	<meta property="og:image:height" content="578" />
	<meta property="og:image:type" content="image/jpeg" />
<meta name="twitter:card" content="summary_large_image" />
<script type="application/ld+json" class="yoast-schema-graph">{"@context":"https://schema.org","@graph":[{"@type":"WebSite","@id":"https://bendikfilms.com/#website","url":"https://bendikfilms.com/","name":"BENDIK FILMS","description":"I capture real stories of people who venture to the very edge of their limits.","potentialAction":[{"@type":"SearchAction","target":{"@type":"EntryPoint","urlTemplate":"https://bendikfilms.com/?s={search_term_string}"},"query-input":"required name=search_term_string"}],"inLanguage":"en-US"},{"@type":"ImageObject","@id":"https://bendikfilms.com/index.php/event/film-kroky-na-hrane-s-besedou-zabudnute-slovensko-skalica/#primaryimage","inLanguage":"en-US","url":"https://bendikfilms.com/wp-content/uploads/2018/03/zabudnute-slovensko-skalica.jpg","contentUrl":"https://bendikfilms.com/wp-content/uploads/2018/03/zabudnute-slovensko-skalica.jpg","width":1028,"height":578,"caption":"zabudnute slovensko skalica"},{"@type":"WebPage","@id":"https://bendikfilms.com/index.php/event/film-kroky-na-hrane-s-besedou-zabudnute-slovensko-skalica/#webpage","url":"https://bendikfilms.com/index.php/event/film-kroky-na-hrane-s-besedou-zabudnute-slovensko-skalica/","name":"Film Kroky na hrane s besedou | Zabudnuté Slovensko, Skalica - BENDIK FILMS","isPartOf":{"@id":"https://bendikfilms.com/#website"},"primaryImageOfPage":{"@id":"https://bendikfilms.com/index.php/event/film-kroky-na-hrane-s-besedou-zabudnute-slovensko-skalica/#primaryimage"},"datePublished":"2018-03-20T13:43:48+00:00","dateModified":"2018-03-20T14:54:25+00:00","breadcrumb":{"@id":"https://bendikfilms.com/index.php/event/film-kroky-na-hrane-s-besedou-zabudnute-slovensko-skalica/#breadcrumb"},"inLanguage":"en-US","potentialAction":[{"@type":"ReadAction","target":["https://bendikfilms.com/index.php/event/film-kroky-na-hrane-s-besedou-zabudnute-slovensko-skalica/"]}]},{"@type":"BreadcrumbList","@id":"https://bendikfilms.com/index.php/event/film-kroky-na-hrane-s-besedou-zabudnute-slovensko-skalica/#breadcrumb","itemListElement":[{"@type":"ListItem","position":1,"name":"Home","item":"https://bendikfilms.com/"},{"@type":"ListItem","position":2,"name":"Events","item":"https://bendikfilms.com/index.php/events/"},{"@type":"ListItem","position":3,"name":"Film Kroky na hrane s besedou | Zabudnuté Slovensko, Skalica"}]}]}</script>
<!-- / Yoast SEO plugin. -->

Film Kroky na hrane s besedou | Zabudnuté Slovensko, Skalica - BENDIK FILMS

Premietanie filmu a diskusia vrámci roadshow Zabudnuté Slovensko pre študentov gymnázia a strednej zdravotnej školy v Skalici. Po filme prebehne diskusia o podobách a hrozbách extrémizmu, na ktorej sme sa zúčastnia bežci Martin Sekér a Peter Brestovanský, režisér Viliam Bendík spolu s Marekom Machom (Mladí proti fašizmu), pani Evou Mosnákovou, kňazom z Rusoviec Júliusom Prachárom [&hellip;]
