{"id":3010,"date":"2018-03-20T15:10:59","date_gmt":"2018-03-20T14:10:59","guid":{"rendered":"http:\/\/bendikfilms.com\/?post_type=tribe_events&#038;p=3010"},"modified":"2018-03-20T15:55:31","modified_gmt":"2018-03-20T14:55:31","slug":"kroky-na-hrane-konferencia-ucime-pre-zivot-poprad","status":"publish","type":"tribe_events","link":"https:\/\/bendikfilms.com\/index.php\/event\/kroky-na-hrane-konferencia-ucime-pre-zivot-poprad\/","title":{"rendered":"Film Kroky na hrane s besedou | Konferencia U\u010d\u00edme pre \u017eivot, Poprad"},"content":{"rendered":"<p>Projekcia filmu Kroky na hrane spojen\u00e1 s besedou s tvorcami pre \u00fa\u010dastn\u00edkov konferencie U\u010d\u00edme pre \u017eivot v Poprade.<\/p>\n<h1>O filme<\/h1>\n<p>\u0160es\u0165 ultrabe\u017ecov o\u017eivilo autentick\u00fd pr\u00edbeh \u00fateku Rudolfa Vrbu a Alfreda Wetzlera z koncentra\u010dn\u00e9ho t\u00e1bora v Osvien\u010dime po\u010das druhej svetovej vojny. 21. apr\u00edla 2017 sa s v\u00fdchodom slnka vydali na autentick\u00fa trasu \u00fateku, aby pripomenuli ich d\u00f4le\u017eit\u00fd \u010din. 170 km v hor\u00e1ch po\u013esko-slovensk\u00e9ho pohrani\u010dia im nav\u017edy zmenilo \u017eivot.<\/p>\n<h1>O konferencii U\u010d\u00edme pre \u017eivot<\/h1>\n<p>Hoci vzdel\u00e1vanie sa postupne men\u00ed a\u00a0\u0161kola u\u017e nie je jedin\u00fdm miestom, kde ho m\u00f4\u017eeme z\u00edska\u0165, \u0161kolsk\u00e9 vzdel\u00e1vanie st\u00e1le zohr\u00e1va k\u013e\u00fa\u010dov\u00fa \u00falohu. Medzi rodi\u010dmi a\u00a0vo verejnosti \u010dasto po\u010d\u00favame kritiku, \u017ee\u00a0<strong>\u0161koly si pestuj\u00fa a\u00a0chr\u00e1nia svoj vlastn\u00fd svet, oddelen\u00fd od reality za plotom \u0161kolsk\u00e9ho are\u00e1lu.<\/strong>\u00a0Konferencia U\u010d\u00edme pre \u017eivot je ur\u010den\u00e1 predov\u0161etk\u00fdm t\u00fdm, ktor\u00ed\u00a0<strong>h\u013eadaj\u00fa cesty von z\u00a0tohto chr\u00e1nen\u00e9ho \u0161era<\/strong>\u00a0\u010di pr\u00ed\u0161eria.<\/p>\n","protected":false},"excerpt":{"rendered":"<p>Projekcia filmu Kroky na hrane spojen\u00e1 s besedou s tvorcami pre \u00fa\u010dastn\u00edkov konferencie U\u010d\u00edme pre \u017eivot v Poprade. O filme \u0160es\u0165 ultrabe\u017ecov o\u017eivilo autentick\u00fd pr\u00edbeh \u00fateku Rudolfa Vrbu a Alfreda Wetzlera z koncentra\u010dn\u00e9ho t\u00e1bora v Osvien\u010dime po\u010das druhej svetovej vojny. 21. apr\u00edla 2017 sa s v\u00fdchodom slnka vydali na autentick\u00fa trasu \u00fateku, aby pripomenuli ich [&hellip;]<\/p>\n","protected":false},"author":2,"featured_media":3020,"comment_status":"open","ping_status":"closed","template":"","meta":{"_monsterinsights_skip_tracking":false,"_monsterinsights_sitenote_active":false,"_monsterinsights_sitenote_note":"","_monsterinsights_sitenote_category":0},"tags":[40,43],"tribe_events_cat":[39],"yoast_head":"<!-- This site is optimized with the Yoast SEO plugin v18.4.1 - https:\/\/yoast.com\/wordpress\/plugins\/seo\/ -->\n<title>Film Kroky na hrane s besedou | Konferencia U\u010d\u00edme pre \u017eivot, Poprad - BENDIK FILMS<\/title>\n<meta name=\"robots\" content=\"index, follow, max-snippet:-1, max-image-preview:large, max-video-preview:-1\" \/>\n<link rel=\"canonical\" href=\"https:\/\/bendikfilms.com\/index.php\/event\/kroky-na-hrane-konferencia-ucime-pre-zivot-poprad\/\" \/>\n<meta property=\"og:locale\" content=\"en_US\" \/>\n<meta property=\"og:type\" content=\"article\" \/>\n<meta property=\"og:title\" content=\"Film Kroky na hrane s besedou | Konferencia U\u010d\u00edme pre \u017eivot, Poprad - BENDIK FILMS\" \/>\n<meta property=\"og:description\" content=\"Projekcia filmu Kroky na hrane spojen\u00e1 s besedou s tvorcami pre \u00fa\u010dastn\u00edkov konferencie U\u010d\u00edme pre \u017eivot v Poprade. O filme \u0160es\u0165 ultrabe\u017ecov o\u017eivilo autentick\u00fd pr\u00edbeh \u00fateku Rudolfa Vrbu a Alfreda Wetzlera z koncentra\u010dn\u00e9ho t\u00e1bora v Osvien\u010dime po\u010das druhej svetovej vojny. 21. apr\u00edla 2017 sa s v\u00fdchodom slnka vydali na autentick\u00fa trasu \u00fateku, aby pripomenuli ich [&hellip;]\" \/>\n<meta property=\"og:url\" content=\"https:\/\/bendikfilms.com\/index.php\/event\/kroky-na-hrane-konferencia-ucime-pre-zivot-poprad\/\" \/>\n<meta property=\"og:site_name\" content=\"BENDIK FILMS\" \/>\n<meta property=\"article:modified_time\" content=\"2018-03-20T14:55:31+00:00\" \/>\n<meta property=\"og:image\" content=\"https:\/\/bendikfilms.com\/wp-content\/uploads\/2018\/03\/indicia-poprad.jpg\" \/>\n\t<meta property=\"og:image:width\" content=\"1028\" \/>\n\t<meta property=\"og:image:height\" content=\"578\" \/>\n\t<meta property=\"og:image:type\" content=\"image\/jpeg\" \/>\n<meta name=\"twitter:card\" content=\"summary_large_image\" \/>\n<meta name=\"twitter:label1\" content=\"Est. reading time\" \/>\n\t<meta name=\"twitter:data1\" content=\"1 minute\" \/>\n<script type=\"application\/ld+json\" class=\"yoast-schema-graph\">{\"@context\":\"https:\/\/schema.org\",\"@graph\":[{\"@type\":\"WebSite\",\"@id\":\"https:\/\/bendikfilms.com\/#website\",\"url\":\"https:\/\/bendikfilms.com\/\",\"name\":\"BENDIK FILMS\",\"description\":\"I capture real stories of people who venture to the very edge of their limits.\",\"potentialAction\":[{\"@type\":\"SearchAction\",\"target\":{\"@type\":\"EntryPoint\",\"urlTemplate\":\"https:\/\/bendikfilms.com\/?s={search_term_string}\"},\"query-input\":\"required name=search_term_string\"}],\"inLanguage\":\"en-US\"},{\"@type\":\"ImageObject\",\"@id\":\"https:\/\/bendikfilms.com\/index.php\/event\/kroky-na-hrane-konferencia-ucime-pre-zivot-poprad\/#primaryimage\",\"inLanguage\":\"en-US\",\"url\":\"https:\/\/bendikfilms.com\/wp-content\/uploads\/2018\/03\/indicia-poprad.jpg\",\"contentUrl\":\"https:\/\/bendikfilms.com\/wp-content\/uploads\/2018\/03\/indicia-poprad.jpg\",\"width\":1028,\"height\":578,\"caption\":\"indicia poprad\"},{\"@type\":\"WebPage\",\"@id\":\"https:\/\/bendikfilms.com\/index.php\/event\/kroky-na-hrane-konferencia-ucime-pre-zivot-poprad\/#webpage\",\"url\":\"https:\/\/bendikfilms.com\/index.php\/event\/kroky-na-hrane-konferencia-ucime-pre-zivot-poprad\/\",\"name\":\"Film Kroky na hrane s besedou | Konferencia U\u010d\u00edme pre \u017eivot, Poprad - BENDIK FILMS\",\"isPartOf\":{\"@id\":\"https:\/\/bendikfilms.com\/#website\"},\"primaryImageOfPage\":{\"@id\":\"https:\/\/bendikfilms.com\/index.php\/event\/kroky-na-hrane-konferencia-ucime-pre-zivot-poprad\/#primaryimage\"},\"datePublished\":\"2018-03-20T14:10:59+00:00\",\"dateModified\":\"2018-03-20T14:55:31+00:00\",\"breadcrumb\":{\"@id\":\"https:\/\/bendikfilms.com\/index.php\/event\/kroky-na-hrane-konferencia-ucime-pre-zivot-poprad\/#breadcrumb\"},\"inLanguage\":\"en-US\",\"potentialAction\":[{\"@type\":\"ReadAction\",\"target\":[\"https:\/\/bendikfilms.com\/index.php\/event\/kroky-na-hrane-konferencia-ucime-pre-zivot-poprad\/\"]}]},{\"@type\":\"BreadcrumbList\",\"@id\":\"https:\/\/bendikfilms.com\/index.php\/event\/kroky-na-hrane-konferencia-ucime-pre-zivot-poprad\/#breadcrumb\",\"itemListElement\":[{\"@type\":\"ListItem\",\"position\":1,\"name\":\"Home\",\"item\":\"https:\/\/bendikfilms.com\/\"},{\"@type\":\"ListItem\",\"position\":2,\"name\":\"Events\",\"item\":\"https:\/\/bendikfilms.com\/index.php\/events\/\"},{\"@type\":\"ListItem\",\"position\":3,\"name\":\"Film Kroky na hrane s besedou | Konferencia U\u010d\u00edme pre \u017eivot, Poprad\"}]}]}<\/script>\n<!-- \/ Yoast SEO plugin. -->","yoast_head_json":{"title":"Film Kroky na hrane s besedou | Konferencia U\u010d\u00edme pre \u017eivot, Poprad - BENDIK FILMS","robots":{"index":"index","follow":"follow","max-snippet":"max-snippet:-1","max-image-preview":"max-image-preview:large","max-video-preview":"max-video-preview:-1"},"canonical":"https:\/\/bendikfilms.com\/index.php\/event\/kroky-na-hrane-konferencia-ucime-pre-zivot-poprad\/","og_locale":"en_US","og_type":"article","og_title":"Film Kroky na hrane s besedou | Konferencia U\u010d\u00edme pre \u017eivot, Poprad - BENDIK FILMS","og_description":"Projekcia filmu Kroky na hrane spojen\u00e1 s besedou s tvorcami pre \u00fa\u010dastn\u00edkov konferencie U\u010d\u00edme pre \u017eivot v Poprade. O filme \u0160es\u0165 ultrabe\u017ecov o\u017eivilo autentick\u00fd pr\u00edbeh \u00fateku Rudolfa Vrbu a Alfreda Wetzlera z koncentra\u010dn\u00e9ho t\u00e1bora v Osvien\u010dime po\u010das druhej svetovej vojny. 21. apr\u00edla 2017 sa s v\u00fdchodom slnka vydali na autentick\u00fa trasu \u00fateku, aby pripomenuli ich [&hellip;]","og_url":"https:\/\/bendikfilms.com\/index.php\/event\/kroky-na-hrane-konferencia-ucime-pre-zivot-poprad\/","og_site_name":"BENDIK FILMS","article_modified_time":"2018-03-20T14:55:31+00:00","og_image":[{"width":1028,"height":578,"url":"https:\/\/bendikfilms.com\/wp-content\/uploads\/2018\/03\/indicia-poprad.jpg","type":"image\/jpeg"}],"twitter_card":"summary_large_image","twitter_misc":{"Est. reading time":"1 minute"},"schema":{"@context":"https:\/\/schema.org","@graph":[{"@type":"WebSite","@id":"https:\/\/bendikfilms.com\/#website","url":"https:\/\/bendikfilms.com\/","name":"BENDIK FILMS","description":"I capture real stories of people who venture to the very edge of their limits.","potentialAction":[{"@type":"SearchAction","target":{"@type":"EntryPoint","urlTemplate":"https:\/\/bendikfilms.com\/?s={search_term_string}"},"query-input":"required name=search_term_string"}],"inLanguage":"en-US"},{"@type":"ImageObject","@id":"https:\/\/bendikfilms.com\/index.php\/event\/kroky-na-hrane-konferencia-ucime-pre-zivot-poprad\/#primaryimage","inLanguage":"en-US","url":"https:\/\/bendikfilms.com\/wp-content\/uploads\/2018\/03\/indicia-poprad.jpg","contentUrl":"https:\/\/bendikfilms.com\/wp-content\/uploads\/2018\/03\/indicia-poprad.jpg","width":1028,"height":578,"caption":"indicia poprad"},{"@type":"WebPage","@id":"https:\/\/bendikfilms.com\/index.php\/event\/kroky-na-hrane-konferencia-ucime-pre-zivot-poprad\/#webpage","url":"https:\/\/bendikfilms.com\/index.php\/event\/kroky-na-hrane-konferencia-ucime-pre-zivot-poprad\/","name":"Film Kroky na hrane s besedou | Konferencia U\u010d\u00edme pre \u017eivot, Poprad - BENDIK FILMS","isPartOf":{"@id":"https:\/\/bendikfilms.com\/#website"},"primaryImageOfPage":{"@id":"https:\/\/bendikfilms.com\/index.php\/event\/kroky-na-hrane-konferencia-ucime-pre-zivot-poprad\/#primaryimage"},"datePublished":"2018-03-20T14:10:59+00:00","dateModified":"2018-03-20T14:55:31+00:00","breadcrumb":{"@id":"https:\/\/bendikfilms.com\/index.php\/event\/kroky-na-hrane-konferencia-ucime-pre-zivot-poprad\/#breadcrumb"},"inLanguage":"en-US","potentialAction":[{"@type":"ReadAction","target":["https:\/\/bendikfilms.com\/index.php\/event\/kroky-na-hrane-konferencia-ucime-pre-zivot-poprad\/"]}]},{"@type":"BreadcrumbList","@id":"https:\/\/bendikfilms.com\/index.php\/event\/kroky-na-hrane-konferencia-ucime-pre-zivot-poprad\/#breadcrumb","itemListElement":[{"@type":"ListItem","position":1,"name":"Home","item":"https:\/\/bendikfilms.com\/"},{"@type":"ListItem","position":2,"name":"Events","item":"https:\/\/bendikfilms.com\/index.php\/events\/"},{"@type":"ListItem","position":3,"name":"Film Kroky na hrane s besedou | Konferencia U\u010d\u00edme pre \u017eivot, Poprad"}]}]}},"_links":{"self":[{"href":"https:\/\/bendikfilms.com\/index.php\/wp-json\/wp\/v2\/tribe_events\/3010"}],"collection":[{"href":"https:\/\/bendikfilms.com\/index.php\/wp-json\/wp\/v2\/tribe_events"}],"about":[{"href":"https:\/\/bendikfilms.com\/index.php\/wp-json\/wp\/v2\/types\/tribe_events"}],"author":[{"embeddable":true,"href":"https:\/\/bendikfilms.com\/index.php\/wp-json\/wp\/v2\/users\/2"}],"replies":[{"embeddable":true,"href":"https:\/\/bendikfilms.com\/index.php\/wp-json\/wp\/v2\/comments?post=3010"}],"version-history":[{"count":2,"href":"https:\/\/bendikfilms.com\/index.php\/wp-json\/wp\/v2\/tribe_events\/3010\/revisions"}],"predecessor-version":[{"id":3014,"href":"https:\/\/bendikfilms.com\/index.php\/wp-json\/wp\/v2\/tribe_events\/3010\/revisions\/3014"}],"wp:featuredmedia":[{"embeddable":true,"href":"https:\/\/bendikfilms.com\/index.php\/wp-json\/wp\/v2\/media\/3020"}],"wp:attachment":[{"href":"https:\/\/bendikfilms.com\/index.php\/wp-json\/wp\/v2\/media?parent=3010"}],"wp:term":[{"taxonomy":"post_tag","embeddable":true,"href":"https:\/\/bendikfilms.com\/index.php\/wp-json\/wp\/v2\/tags?post=3010"},{"taxonomy":"tribe_events_cat","embeddable":true,"href":"https:\/\/bendikfilms.com\/index.php\/wp-json\/wp\/v2\/tribe_events_cat?post=3010"}],"curies":[{"name":"wp","href":"https:\/\/api.w.org\/{rel}","templated":true}]}}

Film Kroky na hrane s besedou | Konferencia Učíme pre život, Poprad

<p>Projekcia filmu Kroky na hrane spojená s besedou s tvorcami pre účastníkov konferencie Učíme pre život v Poprade.</p>
<h1>O filme</h1>
<p>Šesť ultrabežcov oživilo autentický príbeh úteku Rudolfa Vrbu a Alfreda Wetzlera z koncentračného tábora v Osvienčime počas druhej svetovej vojny. 21. apríla 2017 sa s východom slnka vydali na autentickú trasu úteku, aby pripomenuli ich dôležitý čin. 170 km v horách poľsko-slovenského pohraničia im navždy zmenilo život.</p>
<h1>O konferencii Učíme pre život</h1>
<p>Hoci vzdelávanie sa postupne mení a škola už nie je jediným miestom, kde ho môžeme získať, školské vzdelávanie stále zohráva kľúčovú úlohu. Medzi rodičmi a vo verejnosti často počúvame kritiku, že <strong>školy si pestujú a chránia svoj vlastný svet, oddelený od reality za plotom školského areálu.</strong> Konferencia Učíme pre život je určená predovšetkým tým, ktorí <strong>hľadajú cesty von z tohto chráneného šera</strong> či príšeria.</p>

<p>Projekcia filmu Kroky na hrane spojená s besedou s tvorcami pre účastníkov konferencie Učíme pre život v Poprade. O filme Šesť ultrabežcov oživilo autentický príbeh úteku Rudolfa Vrbu a Alfreda Wetzlera z koncentračného tábora v Osvienčime počas druhej svetovej vojny. 21. apríla 2017 sa s východom slnka vydali na autentickú trasu úteku, aby pripomenuli ich [&hellip;]</p>

<!-- This site is optimized with the Yoast SEO plugin v18.4.1 - https://yoast.com/wordpress/plugins/seo/ -->
<title>Film Kroky na hrane s besedou | Konferencia Učíme pre život, Poprad - BENDIK FILMS</title>
<meta name="robots" content="index, follow, max-snippet:-1, max-image-preview:large, max-video-preview:-1" />
<link rel="canonical" href="https://bendikfilms.com/index.php/event/kroky-na-hrane-konferencia-ucime-pre-zivot-poprad/" />
<meta property="og:locale" content="en_US" />
<meta property="og:type" content="article" />
<meta property="og:title" content="Film Kroky na hrane s besedou | Konferencia Učíme pre život, Poprad - BENDIK FILMS" />
<meta property="og:description" content="Projekcia filmu Kroky na hrane spojená s besedou s tvorcami pre účastníkov konferencie Učíme pre život v Poprade. O filme Šesť ultrabežcov oživilo autentický príbeh úteku Rudolfa Vrbu a Alfreda Wetzlera z koncentračného tábora v Osvienčime počas druhej svetovej vojny. 21. apríla 2017 sa s východom slnka vydali na autentickú trasu úteku, aby pripomenuli ich [&hellip;]" />
<meta property="og:url" content="https://bendikfilms.com/index.php/event/kroky-na-hrane-konferencia-ucime-pre-zivot-poprad/" />
<meta property="og:site_name" content="BENDIK FILMS" />
<meta property="article:modified_time" content="2018-03-20T14:55:31+00:00" />
<meta property="og:image" content="https://bendikfilms.com/wp-content/uploads/2018/03/indicia-poprad.jpg" />
	<meta property="og:image:width" content="1028" />
	<meta property="og:image:height" content="578" />
	<meta property="og:image:type" content="image/jpeg" />
<meta name="twitter:card" content="summary_large_image" />
<meta name="twitter:label1" content="Est. reading time" />
	<meta name="twitter:data1" content="1 minute" />
<script type="application/ld+json" class="yoast-schema-graph">{"@context":"https://schema.org","@graph":[{"@type":"WebSite","@id":"https://bendikfilms.com/#website","url":"https://bendikfilms.com/","name":"BENDIK FILMS","description":"I capture real stories of people who venture to the very edge of their limits.","potentialAction":[{"@type":"SearchAction","target":{"@type":"EntryPoint","urlTemplate":"https://bendikfilms.com/?s={search_term_string}"},"query-input":"required name=search_term_string"}],"inLanguage":"en-US"},{"@type":"ImageObject","@id":"https://bendikfilms.com/index.php/event/kroky-na-hrane-konferencia-ucime-pre-zivot-poprad/#primaryimage","inLanguage":"en-US","url":"https://bendikfilms.com/wp-content/uploads/2018/03/indicia-poprad.jpg","contentUrl":"https://bendikfilms.com/wp-content/uploads/2018/03/indicia-poprad.jpg","width":1028,"height":578,"caption":"indicia poprad"},{"@type":"WebPage","@id":"https://bendikfilms.com/index.php/event/kroky-na-hrane-konferencia-ucime-pre-zivot-poprad/#webpage","url":"https://bendikfilms.com/index.php/event/kroky-na-hrane-konferencia-ucime-pre-zivot-poprad/","name":"Film Kroky na hrane s besedou | Konferencia Učíme pre život, Poprad - BENDIK FILMS","isPartOf":{"@id":"https://bendikfilms.com/#website"},"primaryImageOfPage":{"@id":"https://bendikfilms.com/index.php/event/kroky-na-hrane-konferencia-ucime-pre-zivot-poprad/#primaryimage"},"datePublished":"2018-03-20T14:10:59+00:00","dateModified":"2018-03-20T14:55:31+00:00","breadcrumb":{"@id":"https://bendikfilms.com/index.php/event/kroky-na-hrane-konferencia-ucime-pre-zivot-poprad/#breadcrumb"},"inLanguage":"en-US","potentialAction":[{"@type":"ReadAction","target":["https://bendikfilms.com/index.php/event/kroky-na-hrane-konferencia-ucime-pre-zivot-poprad/"]}]},{"@type":"BreadcrumbList","@id":"https://bendikfilms.com/index.php/event/kroky-na-hrane-konferencia-ucime-pre-zivot-poprad/#breadcrumb","itemListElement":[{"@type":"ListItem","position":1,"name":"Home","item":"https://bendikfilms.com/"},{"@type":"ListItem","position":2,"name":"Events","item":"https://bendikfilms.com/index.php/events/"},{"@type":"ListItem","position":3,"name":"Film Kroky na hrane s besedou | Konferencia Učíme pre život, Poprad"}]}]}</script>
<!-- / Yoast SEO plugin. -->

Film Kroky na hrane s besedou | Konferencia Učíme pre život, Poprad - BENDIK FILMS

Projekcia filmu Kroky na hrane spojená s besedou s tvorcami pre účastníkov konferencie Učíme pre život v Poprade. O filme Šesť ultrabežcov oživilo autentický príbeh úteku Rudolfa Vrbu a Alfreda Wetzlera z koncentračného tábora v Osvienčime počas druhej svetovej vojny. 21. apríla 2017 sa s východom slnka vydali na autentickú trasu úteku, aby pripomenuli ich [&hellip;]
